{"id":22,"date":"2008-10-04T14:04:55","date_gmt":"2008-10-04T13:04:55","guid":{"rendered":"http:\/\/www.amap-brugeslebouscat.fr\/?page_id=22"},"modified":"2026-04-13T10:50:41","modified_gmt":"2026-04-13T09:50:41","slug":"distributions","status":"publish","type":"page","link":"http:\/\/www.amap-brugeslebouscat.fr\/?page_id=22","title":{"rendered":"Distributions"},"content":{"rendered":"<p>Les distributions ont lieu le lundi soir \u00e0 la salle du Grand Darnal, 44 rue Fleuranceau (entr\u00e9e rond-point du choux) \u00e0 Bruges, de 18h30 \u00e0 19h30.<\/p>\n<p>Pour rappel, en adh\u00e9rant, <span style=\"color: #000000;\"><strong>vous vous \u00eates engag\u00e9s \u00e0 aider \u00e0 la distribution<\/strong><\/span> au moins 2 fois dans la saison.<\/p>\n<p>Derni\u00e8re mise \u00e0 jour du calendrier ci-dessous \u00e0 t\u00e9l\u00e9charger :<span style=\"color: #333333;\"><strong> 13 avril 2026<\/strong><\/span><\/p>\n<p style=\"text-align: center;\">En excel : \u00a0<a href=\"http:\/\/www.amap-brugeslebouscat.fr\/wp-content\/uploads\/2026\/04\/calendrier-distributions2025-2026.xls\" target=\"_blank\" rel=\"noopener\"><strong>calendrier <\/strong><strong>distributions <\/strong><strong>2025-2026<\/strong><\/a> ou en pdf : <a href=\"http:\/\/www.amap-brugeslebouscat.fr\/wp-content\/uploads\/2026\/04\/calendrier-distributions2025-2026.pdf\" target=\"_blank\" rel=\"noopener\"><strong>calendrier distributions 2025-2026<\/strong><\/a><\/p>\n<p><b><span style=\"color: #000000;\"><strong><span style=\"text-decoration: underline;\">Pour s\u2019inscrire aux permanences d&rsquo;aide \u00e0 la distribution<\/span> :<\/strong><\/span><br \/>\n<\/b>Connectez-vous sur <a href=\"https:\/\/s3.amapj.fr\/p\/bruges#!\/mes_permanences\" target=\"_blank\" rel=\"noopener\"><b><strong>AMAPJ <\/strong><\/b><\/a>\u00a0sur \u00ab mes permanences \u00bb puis cliquez sur \u00ab\u00a0modifier\u00a0\u00bb pour voir appara\u00eetre toutes les dates, allez sur la (les) date(s) de votre choix et cliquez sur \u00ab\u00a0je m&rsquo;inscris \u00e0 cette date\u00a0\u00bb. Plus t\u00f4t vous vous inscrirez, plus vous aurez le choix des dates.<\/p>\n<p><b><span style=\"text-decoration: underline; color: #000000;\">Rappel du r\u00f4le de permanence<\/span> :<\/b><\/p>\n<p>\u2013 Arriver \u00e0 18h05 pour aider \u00e0 d\u00e9charger les camionnettes des producteurs et \u00e0 installer les tables.<br \/>\n\u2013 La liste de distribution vous sera remise sur place<br \/>\n\u2013 Vous accueillez les amapiens, vous leur demandez leur nom et pr\u00e9nom, vous leur remettez leurs produits et vous les cochez sur la liste.<\/p>\n<p>\u2013 Si vous \u00eates 2 : un peut s\u2019occuper d\u2019annoncer la commande, l\u2019autre sert les personnes en s\u2019assurant qu\u2019il n\u2019y ait pas d\u2019erreur, et vous cochez la liste une fois les produits remis.<\/p>\n<p>\u2013 A 19h30, on voit si tout le monde est pass\u00e9 en v\u00e9rifiant la liste, on plie les tables, on range et on nettoie la salle avant de repartir.<\/p>\n","protected":false},"excerpt":{"rendered":"<p>Les distributions ont lieu le lundi soir \u00e0 la salle du Grand Darnal, 44 rue Fleuranceau (entr\u00e9e rond-point du choux) \u00e0 Bruges, de 18h30 \u00e0 19h30. Pour rappel, en adh\u00e9rant, vous vous \u00eates engag\u00e9s \u00e0 aider \u00e0 la distribution au moins 2 fois dans la saison. Derni\u00e8re mise \u00e0 jour du calendrier ci-dessous \u00e0 t\u00e9l\u00e9charger [&hellip;]<\/p>\n","protected":false},"author":2,"featured_media":0,"parent":0,"menu_order":2,"comment_status":"closed","ping_status":"closed","template":"","meta":{"_monsterinsights_skip_tracking":false,"_monsterinsights_sitenote_active":false,"_monsterinsights_sitenote_note":"","_monsterinsights_sitenote_category":0,"footnotes":""},"_links":{"self":[{"href":"http:\/\/www.amap-brugeslebouscat.fr\/index.php?rest_route=\/wp\/v2\/pages\/22"}],"collection":[{"href":"http:\/\/www.amap-brugeslebouscat.fr\/index.php?rest_route=\/wp\/v2\/pages"}],"about":[{"href":"http:\/\/www.amap-brugeslebouscat.fr\/index.php?rest_route=\/wp\/v2\/types\/page"}],"author":[{"embeddable":true,"href":"http:\/\/www.amap-brugeslebouscat.fr\/index.php?rest_route=\/wp\/v2\/users\/2"}],"replies":[{"embeddable":true,"href":"http:\/\/www.amap-brugeslebouscat.fr\/index.php?rest_route=%2Fwp%2Fv2%2Fcomments&post=22"}],"version-history":[{"count":155,"href":"http:\/\/www.amap-brugeslebouscat.fr\/index.php?rest_route=\/wp\/v2\/pages\/22\/revisions"}],"predecessor-version":[{"id":1144,"href":"http:\/\/www.amap-brugeslebouscat.fr\/index.php?rest_route=\/wp\/v2\/pages\/22\/revisions\/1144"}],"wp:attachment":[{"href":"http:\/\/www.amap-brugeslebouscat.fr\/index.php?rest_route=%2Fwp%2Fv2%2Fmedia&parent=22"}],"curies":[{"name":"wp","href":"https:\/\/api.w.org\/{rel}","templated":true}]}}

<p>Les distributions ont lieu le lundi soir à la salle du Grand Darnal, 44 rue Fleuranceau (entrée rond-point du choux) à Bruges, de 18h30 à 19h30.</p>
<p>Pour rappel, en adhérant, <span style="color: #000000;"><strong>vous vous êtes engagés à aider à la distribution</strong></span> au moins 2 fois dans la saison.</p>
<p>Dernière mise à jour du calendrier ci-dessous à télécharger :<span style="color: #333333;"><strong> 13 avril 2026</strong></span></p>
<p style="text-align: center;">En excel :  <a href="http://www.amap-brugeslebouscat.fr/wp-content/uploads/2026/04/calendrier-distributions2025-2026.xls" target="_blank" rel="noopener"><strong>calendrier </strong><strong>distributions </strong><strong>2025-2026</strong></a> ou en pdf : <a href="http://www.amap-brugeslebouscat.fr/wp-content/uploads/2026/04/calendrier-distributions2025-2026.pdf" target="_blank" rel="noopener"><strong>calendrier distributions 2025-2026</strong></a></p>
<p><b><span style="color: #000000;"><strong><span style="text-decoration: underline;">Pour s’inscrire aux permanences d&rsquo;aide à la distribution</span> :</strong></span><br />
</b>Connectez-vous sur <a href="https://s3.amapj.fr/p/bruges#!/mes_permanences" target="_blank" rel="noopener"><b><strong>AMAPJ </strong></b></a> sur « mes permanences » puis cliquez sur « modifier » pour voir apparaître toutes les dates, allez sur la (les) date(s) de votre choix et cliquez sur « je m&rsquo;inscris à cette date ». Plus tôt vous vous inscrirez, plus vous aurez le choix des dates.</p>
<p><b><span style="text-decoration: underline; color: #000000;">Rappel du rôle de permanence</span> :</b></p>
<p>– Arriver à 18h05 pour aider à décharger les camionnettes des producteurs et à installer les tables.<br />
– La liste de distribution vous sera remise sur place<br />
– Vous accueillez les amapiens, vous leur demandez leur nom et prénom, vous leur remettez leurs produits et vous les cochez sur la liste.</p>
<p>– Si vous êtes 2 : un peut s’occuper d’annoncer la commande, l’autre sert les personnes en s’assurant qu’il n’y ait pas d’erreur, et vous cochez la liste une fois les produits remis.</p>
<p>– A 19h30, on voit si tout le monde est passé en vérifiant la liste, on plie les tables, on range et on nettoie la salle avant de repartir.</p>

<p>Les distributions ont lieu le lundi soir à la salle du Grand Darnal, 44 rue Fleuranceau (entrée rond-point du choux) à Bruges, de 18h30 à 19h30. Pour rappel, en adhérant, vous vous êtes engagés à aider à la distribution au moins 2 fois dans la saison. Dernière mise à jour du calendrier ci-dessous à télécharger [&hellip;]</p>
