{"id":31,"date":"2008-10-04T14:16:39","date_gmt":"2008-10-04T13:16:39","guid":{"rendered":"http:\/\/www.amap-brugeslebouscat.fr\/?page_id=31"},"modified":"2026-04-13T10:52:45","modified_gmt":"2026-04-13T09:52:45","slug":"qui-fait-quoi","status":"publish","type":"page","link":"http:\/\/www.amap-brugeslebouscat.fr\/?page_id=31","title":{"rendered":"Coordinateurs\u00b7rices"},"content":{"rendered":"<p><strong><u>Fruits et l\u00e9gumes<\/u>\u00a0 :<\/strong><\/p>\n<ul>\n<li><strong>Mara\u00eecher (l\u00e9gumes) : <span style=\"color: #000000;\">S\u00e9verine Laurissergues<\/span><\/strong> &#8211; s.laurissergues@gmail.com &#8211; 06 82 03 49 12 \/ <strong><span style=\"color: #000000;\">Didier Pouvreau<\/span><\/strong> &#8211; d.pouvreau@live.fr &#8211; 06 07 61 46 50<\/li>\n<li><strong>Pommes et jus de pommes : <span style=\"color: #000000;\">Dani\u00e8le Pouvreau<\/span><\/strong> &#8211; d.pouvreau@gmail.com &#8211; 06 89 65 17 13<\/li>\n<li><strong>Kiwis \u2013 jus kiwis\/pommes \u2013 jus de tomate : <span style=\"color: #000000;\">Dani\u00e8le Pouvreau<\/span><\/strong><\/li>\n<li><strong>P\u00eaches, brugnons :<\/strong> <span style=\"color: #000000;\"><strong>S\u00e9verine Laurissergues<\/strong> <\/span>&#8211; s.laurissergues@gmail.com &#8211; 06 82 03 49 12<\/li>\n<li><strong>Champignons : <span style=\"color: #000000;\">Fran\u00e7oise Rivoal<\/span><\/strong> &#8211; rivoal.f@orange.fr \u2013 06 71 34 95 21 \/ <strong><span style=\"color: #000000;\">Genevi\u00e8ve Bordas<\/span><\/strong>&#8211; <a href=\"mailto:vallois33@me.com\">vallois33@me.com<\/a> &#8211; 06 66 67 06 07<\/li>\n<li><strong>Asperges : <span style=\"color: #000000;\">Laure Bignalet<\/span><\/strong> &#8211; <a href=\"mailto:LaurebAmapBruges@gmail.com\">LaurebAmapBruges@gmail.com<\/a><\/li>\n<\/ul>\n<p><strong><u>\u0152ufs, fromages, laitages<\/u>\u00a0 : <\/strong><\/p>\n<ul>\n<li><strong>\u0152ufs<\/strong> <strong>(de poule) :<\/strong> <span style=\"color: #000000;\"><strong>Laurent Masson<\/strong><\/span> &#8211; laurent-masson@wanadoo.fr \u2013 06 19 22 49 19<\/li>\n<li><strong>Fromage de ch\u00e8vre, fromage et laitages de brebis :<\/strong> <span style=\"color: #000000;\"><strong>Laurence Thibout<\/strong> <\/span>&#8211; laurence.thibout@gmail.com &#8211; 06 03 54 26 30<\/li>\n<\/ul>\n<p><strong><u>Poisson, viande<\/u>\u00a0 : <\/strong><\/p>\n<ul>\n<li><strong>Volailles :<\/strong> <span style=\"color: #000000;\"><strong>Fran\u00e7ois Pons<\/strong> <\/span>&#8211; francois.pons3@gmail.com &#8211; 06 58 75 06 00 \/ <span style=\"color: #000000;\"><strong>Laurence Gouvard<\/strong> <\/span>&#8211; 06 86 33 31 59 &#8211; laurence.gouvard@gmail.com<\/li>\n<li><strong>Poisson :<\/strong> <span style=\"color: #000000;\"><strong>Christine Digneau<\/strong><\/span> &#8211; <a href=\"mailto:chrisdigneau@gmail.com\">chrisdigneau@gmail.com<\/a> &#8211; 06 70 94 41 46<\/li>\n<li><strong>Agneau :<\/strong> <span style=\"color: #000000;\"><strong>Fran\u00e7oise Rivoal<\/strong> <\/span>&#8211; rivoal.f@orange.fr &#8211; 06 71 34 95 21<\/li>\n<li><strong>Veau, porc et b\u0153uf :<\/strong> <span style=\"color: #000000;\"><strong>Marine Coulm<\/strong><\/span> m.coulm@hotmail.fr<\/li>\n<li><strong>Produits d\u00e9riv\u00e9s :<\/strong> <span style=\"color: #000000;\"><strong>Genevi\u00e8ve Bordas<\/strong><\/span> &#8211; <a href=\"mailto:vallois33@me.com\">vallois33@me.com<\/a> &#8211; 06 66 67 06 07<\/li>\n<\/ul>\n<p><strong><u>Divers<\/u><\/strong><\/p>\n<ul>\n<li><strong>Miel :<\/strong> <span style=\"color: #000000;\"><strong>Laurence Thibout<\/strong><\/span> &#8211; laurence.thibout@gmail.com &#8211; 06 03 54 26 30<\/li>\n<li><strong>Vin :<\/strong> <span style=\"color: #000000;\"><strong>Fran\u00e7ois Pons<\/strong><\/span> &#8211; francois.pons3@gmail.com &#8211; 06 58 75 06 00 \/ <span style=\"color: #000000;\"><strong>Laurence Gouvard<\/strong> <\/span>&#8211; 06 86 33 31 59 &#8211; laurence.gouvard@gmail.com<\/li>\n<li><strong>Bi\u00e8res, sodas :<\/strong> <span style=\"color: #000000;\"><strong>Dani\u00e8le Pouvreau<\/strong><\/span> &#8211; d.pouvreau@gmail.com &#8211; 06 89 65 17 13<\/li>\n<li><strong>Tisanes, aromates, sirops :<\/strong> <span style=\"color: #000000;\"><strong>Dani\u00e8le Pouvreau<\/strong> <\/span>&#8211; d.pouvreau@gmail.com &#8211; 06 89 65 17 13<\/li>\n<li><strong>Confitures :<\/strong> <span style=\"color: #000000;\"><strong>Fran\u00e7oise Rivoal<\/strong> <\/span>&#8211; rivoal.f@orange.fr &#8211; 05 56 39 51 52<\/li>\n<li><strong>Pain <\/strong>: <span style=\"color: #000000;\"><strong>Armelle Fiabane<\/strong><\/span> -armellefiabane@gmail.com<\/li>\n<\/ul>\n","protected":false},"excerpt":{"rendered":"<p>Fruits et l\u00e9gumes\u00a0 : Mara\u00eecher (l\u00e9gumes) : S\u00e9verine Laurissergues &#8211; s.laurissergues@gmail.com &#8211; 06 82 03 49 12 \/ Didier Pouvreau &#8211; d.pouvreau@live.fr &#8211; 06 07 61 46 50 Pommes et jus de pommes : Dani\u00e8le Pouvreau &#8211; d.pouvreau@gmail.com &#8211; 06 89 65 17 13 Kiwis \u2013 jus kiwis\/pommes \u2013 jus de tomate : Dani\u00e8le Pouvreau [&hellip;]<\/p>\n","protected":false},"author":2,"featured_media":0,"parent":0,"menu_order":3,"comment_status":"closed","ping_status":"closed","template":"","meta":{"_monsterinsights_skip_tracking":false,"_monsterinsights_sitenote_active":false,"_monsterinsights_sitenote_note":"","_monsterinsights_sitenote_category":0,"footnotes":""},"_links":{"self":[{"href":"http:\/\/www.amap-brugeslebouscat.fr\/index.php?rest_route=\/wp\/v2\/pages\/31"}],"collection":[{"href":"http:\/\/www.amap-brugeslebouscat.fr\/index.php?rest_route=\/wp\/v2\/pages"}],"about":[{"href":"http:\/\/www.amap-brugeslebouscat.fr\/index.php?rest_route=\/wp\/v2\/types\/page"}],"author":[{"embeddable":true,"href":"http:\/\/www.amap-brugeslebouscat.fr\/index.php?rest_route=\/wp\/v2\/users\/2"}],"replies":[{"embeddable":true,"href":"http:\/\/www.amap-brugeslebouscat.fr\/index.php?rest_route=%2Fwp%2Fv2%2Fcomments&post=31"}],"version-history":[{"count":36,"href":"http:\/\/www.amap-brugeslebouscat.fr\/index.php?rest_route=\/wp\/v2\/pages\/31\/revisions"}],"predecessor-version":[{"id":1145,"href":"http:\/\/www.amap-brugeslebouscat.fr\/index.php?rest_route=\/wp\/v2\/pages\/31\/revisions\/1145"}],"wp:attachment":[{"href":"http:\/\/www.amap-brugeslebouscat.fr\/index.php?rest_route=%2Fwp%2Fv2%2Fmedia&parent=31"}],"curies":[{"name":"wp","href":"https:\/\/api.w.org\/{rel}","templated":true}]}}