{"id":66,"date":"2008-11-18T18:53:06","date_gmt":"2008-11-18T17:53:06","guid":{"rendered":"http:\/\/www.amap-brugeslebouscat.fr\/?page_id=66"},"modified":"2018-12-03T13:32:59","modified_gmt":"2018-12-03T12:32:59","slug":"lexploitation","status":"publish","type":"page","link":"http:\/\/www.amap-brugeslebouscat.fr\/?page_id=66","title":{"rendered":"T\u00e9moignage"},"content":{"rendered":"<p><b>T\u00e9moignage\u00a0: l\u2019exploitation d\u2019Aurore et Philippe<\/b><\/p>\n<hr \/>\n<p><strong>\u00ab\u00a0AMAP m&rsquo;a sauver\u00a0\u00bb.<\/strong><\/p>\n<p><strong>Petite fille, fille de mara\u00eecher, Aurore Sournac avoue que l&rsquo;aventure de l&rsquo;entreprise est tr\u00e8s difficile. Le combat avec les centrales d&rsquo;achat et la grande distribution une lutte in\u00e9gale. Elle a failli quitter le m\u00e9tier. Aujourd&rsquo;hui, les Amap lui permettent d&rsquo;entrevoir un avenir diff\u00e9rent. Explications.<\/strong><\/p>\n<p>\u00ab\u00a0L&rsquo;hiver dernier, nous avons \u00e9t\u00e9 \u00e0 deux doigts de jeter l&rsquo;\u00e9ponge, de tout laisser tomber. C&rsquo;\u00e9tait trop dur, trop difficile. Sans salaires depuis dix ans, depuis notre installation\u00a0\u00bb. Ca a bien failli \u00eatre l&rsquo;hiver de trop pour les Sournac, Aurore et Philippe. Mais voil\u00e0, il y a eu la rencontre avec Ga\u00eblle Bertoneche, la coordinatrice AMAP Gironde et la signature des premiers contrats. En mai 2008, c&rsquo;est l&rsquo;AMAP Blanquefort (100 contrats + 40 en liste d&rsquo;attente). Puis il y a eu, l&rsquo;AMAP Bruges\/Le Bouscat en septembre dernier (67 contrats) et en novembre de la m\u00eame ann\u00e9e, l&rsquo;AMAP Pompignac (35 paniers). D&rsquo;autres pourraient suivre comme Macau, par exemple. La petite entreprise va mieux. Elle d\u00e9gage maintenant l&rsquo;\u00e9quivalent d&rsquo;un salaire (\u00ab\u00a0un SMIC, faut pas r\u00eaver!\u00a0\u00bb).<\/p>\n<p>En ce matin de novembre, il pleut des cordes sur Eysines. C&rsquo;est l\u00e0, au c\u0153ur de la zone maraich\u00e8re de Bordeaux, chemin de l&rsquo;Anglais, que se trouve l&rsquo;exploitation d&rsquo;Aurore. Une serre d&rsquo;occasion, achet\u00e9e \u00e0 Libourne et remont\u00e9e sur site; 4700 m\u00b2 de verre et d&rsquo;acier. Une raret\u00e9, aujourd&rsquo;hui. Pas de chauffage mais arrosage par aspersion ou goutte \u00e0 goutte. Un projet; climatiser la serre, en \u00e9t\u00e9, par arrosage de la surface vitr\u00e9e avec de l&rsquo;eau de pluie de r\u00e9cup\u00e9ration. Outre la serre, les Sournac poss\u00e8dent 7000 m\u00b2 de plein champ et louent 4,5ha de terre mara\u00eech\u00e8re. Deux structures de gestion; la SCEA au nom de Philippe pour la fourniture en gros \u00e0 la coop\u00e9rative d&rsquo;Eysines (la SICA mara\u00eech\u00e8re bordelaise) et \u00ab\u00a0Le jardin de Quentin\u00a0\u00bb pour la vente aux particuliers de type AMAP ou autres. Aujourd&rsquo;hui, Aurore travaille 6 jours sur 7 et s&rsquo;arr\u00eate le samedi \u00e0 midi. Son \u00e9poux, 7 jours sur 7; il se repose le dimanche apr\u00e8s-midi. Evidemment, pas de vacances. L&rsquo;ambition, \u00e0 terme, c&rsquo;est de pouvoir engager un salari\u00e9 \u00e0 temps complet. Plus tard, pourquoi pas deux? Bonne nouvelle; au printemps prochain, une partie des emprunts sera rembours\u00e9e. Pour Aurore, \u00ab\u00a0c&rsquo;est une nouvelle vie qui commence\u00a0\u00bb.<\/p>\n<p>Retour \u00e0 l&rsquo;int\u00e9rieur de la serre; il continue de pleuvoir. Ici, pas de hors-sol. Une grande partie des l\u00e9gumes est plant\u00e9e sur paillage plastique; pas de d\u00e9sherbage, moins de maladie. En hiver, l&rsquo;effet de corps noir r\u00e9chauffe le v\u00e9g\u00e9tal. Compost et amendements organiques (aujourd&rsquo;hui agr\u00e9\u00e9s bio) am\u00e9liorent le sable noir, substrat naturel de la serre. Pas de pesticides. Le choix des vari\u00e9t\u00e9s permet de s\u00e9lectionner des l\u00e9gumes naturellement r\u00e9sistants au mildiou et aux diverses maladies. De l\u00e0 \u00e0 aller jusqu&rsquo;au bout de la d\u00e9marche bio? Philippe: \u00ab\u00a0aujourd&rsquo;hui, les clients de l&rsquo;Amap ont 7 produits pour 10\u20ac; sont-ils pr\u00eats \u00e0 en avoir 3 pour le m\u00eame prix?\u00a0\u00bb Pour Aurore; \u00ab\u00a0on sent bien, selon les Amap, la demande n&rsquo;est pas la m\u00eame. Il faut r\u00e9fl\u00e9chir ensemble\u00a0\u00bb.<\/p>\n<p>Aurore et Philippe Sournac ont 35 ans tous les deux; leur fils Quentin, 3 ans. Ils se sont connus sur les bancs du lyc\u00e9e agricole, \u00e0 Objat, en Corr\u00e8ze. C&rsquo;\u00e9tait en 1990. Ils ont une passion commune pour les fleurs. Chaque ann\u00e9e, ils produisent des chrysanth\u00e8mes. A l&rsquo;ancienne. En 2008, ils reconnaissent n&rsquo;avoir pas r\u00e9ussi la fleur des morts. Ils feront mieux, l&rsquo;an prochain.<\/p>\n<p>Bernard Bonnin<\/p>\n<div id='gallery-1' class='gallery galleryid-66 gallery-columns-3 gallery-size-thumbnail'><dl class='gallery-item'>\n\t\t\t<dt class='gallery-icon landscape'>\n\t\t\t\t<a href='http:\/\/www.amap-brugeslebouscat.fr\/?attachment_id=68'><img loading=\"lazy\" decoding=\"async\" width=\"150\" height=\"150\" src=\"http:\/\/www.amap-brugeslebouscat.fr\/wp-content\/uploads\/2008\/11\/p1040734-150x150.jpg\" class=\"attachment-thumbnail size-thumbnail\" alt=\"\" \/><\/a>\n\t\t\t<\/dt><\/dl><dl class='gallery-item'>\n\t\t\t<dt class='gallery-icon landscape'>\n\t\t\t\t<a href='http:\/\/www.amap-brugeslebouscat.fr\/?attachment_id=69'><img loading=\"lazy\" decoding=\"async\" width=\"150\" height=\"150\" src=\"http:\/\/www.amap-brugeslebouscat.fr\/wp-content\/uploads\/2008\/11\/p1040739-150x150.jpg\" class=\"attachment-thumbnail size-thumbnail\" alt=\"\" \/><\/a>\n\t\t\t<\/dt><\/dl><dl class='gallery-item'>\n\t\t\t<dt class='gallery-icon landscape'>\n\t\t\t\t<a href='http:\/\/www.amap-brugeslebouscat.fr\/?attachment_id=70'><img loading=\"lazy\" decoding=\"async\" width=\"150\" height=\"150\" src=\"http:\/\/www.amap-brugeslebouscat.fr\/wp-content\/uploads\/2008\/11\/p1040742-150x150.jpg\" class=\"attachment-thumbnail size-thumbnail\" alt=\"\" \/><\/a>\n\t\t\t<\/dt><\/dl><br style=\"clear: both\" \/><dl class='gallery-item'>\n\t\t\t<dt class='gallery-icon landscape'>\n\t\t\t\t<a href='http:\/\/www.amap-brugeslebouscat.fr\/?attachment_id=71'><img loading=\"lazy\" decoding=\"async\" width=\"150\" height=\"150\" src=\"http:\/\/www.amap-brugeslebouscat.fr\/wp-content\/uploads\/2008\/11\/p1040744-150x150.jpg\" class=\"attachment-thumbnail size-thumbnail\" alt=\"\" \/><\/a>\n\t\t\t<\/dt><\/dl><dl class='gallery-item'>\n\t\t\t<dt class='gallery-icon landscape'>\n\t\t\t\t<a href='http:\/\/www.amap-brugeslebouscat.fr\/?attachment_id=72'><img loading=\"lazy\" decoding=\"async\" width=\"150\" height=\"150\" src=\"http:\/\/www.amap-brugeslebouscat.fr\/wp-content\/uploads\/2008\/11\/p1040745-150x150.jpg\" class=\"attachment-thumbnail size-thumbnail\" alt=\"\" \/><\/a>\n\t\t\t<\/dt><\/dl><dl class='gallery-item'>\n\t\t\t<dt class='gallery-icon landscape'>\n\t\t\t\t<a href='http:\/\/www.amap-brugeslebouscat.fr\/?attachment_id=73'><img loading=\"lazy\" decoding=\"async\" width=\"150\" height=\"150\" src=\"http:\/\/www.amap-brugeslebouscat.fr\/wp-content\/uploads\/2008\/11\/p1040747-150x150.jpg\" class=\"attachment-thumbnail size-thumbnail\" alt=\"\" \/><\/a>\n\t\t\t<\/dt><\/dl><br style=\"clear: both\" \/><dl class='gallery-item'>\n\t\t\t<dt class='gallery-icon landscape'>\n\t\t\t\t<a href='http:\/\/www.amap-brugeslebouscat.fr\/?attachment_id=74'><img loading=\"lazy\" decoding=\"async\" width=\"150\" height=\"150\" src=\"http:\/\/www.amap-brugeslebouscat.fr\/wp-content\/uploads\/2008\/11\/p1040756-150x150.jpg\" class=\"attachment-thumbnail size-thumbnail\" alt=\"\" \/><\/a>\n\t\t\t<\/dt><\/dl><dl class='gallery-item'>\n\t\t\t<dt class='gallery-icon landscape'>\n\t\t\t\t<a href='http:\/\/www.amap-brugeslebouscat.fr\/?attachment_id=75'><img loading=\"lazy\" decoding=\"async\" width=\"150\" height=\"150\" src=\"http:\/\/www.amap-brugeslebouscat.fr\/wp-content\/uploads\/2008\/11\/p1040759-150x150.jpg\" class=\"attachment-thumbnail size-thumbnail\" alt=\"\" \/><\/a>\n\t\t\t<\/dt><\/dl><dl class='gallery-item'>\n\t\t\t<dt class='gallery-icon landscape'>\n\t\t\t\t<a href='http:\/\/www.amap-brugeslebouscat.fr\/?attachment_id=76'><img loading=\"lazy\" decoding=\"async\" width=\"150\" height=\"150\" src=\"http:\/\/www.amap-brugeslebouscat.fr\/wp-content\/uploads\/2008\/11\/p1040762-150x150.jpg\" class=\"attachment-thumbnail size-thumbnail\" alt=\"\" \/><\/a>\n\t\t\t<\/dt><\/dl><br style=\"clear: both\" \/><dl class='gallery-item'>\n\t\t\t<dt class='gallery-icon landscape'>\n\t\t\t\t<a href='http:\/\/www.amap-brugeslebouscat.fr\/?attachment_id=77'><img loading=\"lazy\" decoding=\"async\" width=\"150\" height=\"150\" src=\"http:\/\/www.amap-brugeslebouscat.fr\/wp-content\/uploads\/2008\/11\/p1040763-150x150.jpg\" class=\"attachment-thumbnail size-thumbnail\" alt=\"\" \/><\/a>\n\t\t\t<\/dt><\/dl>\n\t\t\t<br style='clear: both' \/>\n\t\t<\/div>\n\n","protected":false},"excerpt":{"rendered":"<p>T\u00e9moignage\u00a0: l\u2019exploitation d\u2019Aurore et Philippe \u00ab\u00a0AMAP m&rsquo;a sauver\u00a0\u00bb. Petite fille, fille de mara\u00eecher, Aurore Sournac avoue que l&rsquo;aventure de l&rsquo;entreprise est tr\u00e8s difficile. Le combat avec les centrales d&rsquo;achat et la grande distribution une lutte in\u00e9gale. Elle a failli quitter le m\u00e9tier. Aujourd&rsquo;hui, les Amap lui permettent d&rsquo;entrevoir un avenir diff\u00e9rent. Explications. \u00ab\u00a0L&rsquo;hiver dernier, nous [&hellip;]<\/p>\n","protected":false},"author":2,"featured_media":0,"parent":0,"menu_order":5,"comment_status":"closed","ping_status":"closed","template":"","meta":{"_monsterinsights_skip_tracking":false,"_monsterinsights_sitenote_active":false,"_monsterinsights_sitenote_note":"","_monsterinsights_sitenote_category":0,"footnotes":""},"_links":{"self":[{"href":"http:\/\/www.amap-brugeslebouscat.fr\/index.php?rest_route=\/wp\/v2\/pages\/66"}],"collection":[{"href":"http:\/\/www.amap-brugeslebouscat.fr\/index.php?rest_route=\/wp\/v2\/pages"}],"about":[{"href":"http:\/\/www.amap-brugeslebouscat.fr\/index.php?rest_route=\/wp\/v2\/types\/page"}],"author":[{"embeddable":true,"href":"http:\/\/www.amap-brugeslebouscat.fr\/index.php?rest_route=\/wp\/v2\/users\/2"}],"replies":[{"embeddable":true,"href":"http:\/\/www.amap-brugeslebouscat.fr\/index.php?rest_route=%2Fwp%2Fv2%2Fcomments&post=66"}],"version-history":[{"count":6,"href":"http:\/\/www.amap-brugeslebouscat.fr\/index.php?rest_route=\/wp\/v2\/pages\/66\/revisions"}],"predecessor-version":[{"id":403,"href":"http:\/\/www.amap-brugeslebouscat.fr\/index.php?rest_route=\/wp\/v2\/pages\/66\/revisions\/403"}],"wp:attachment":[{"href":"http:\/\/www.amap-brugeslebouscat.fr\/index.php?rest_route=%2Fwp%2Fv2%2Fmedia&parent=66"}],"curies":[{"name":"wp","href":"https:\/\/api.w.org\/{rel}","templated":true}]}}

Témoignage

<p><b>Témoignage : l’exploitation d’Aurore et Philippe</b></p>
<hr />
<p><strong>« AMAP m&rsquo;a sauver ».</strong></p>
<p><strong>Petite fille, fille de maraîcher, Aurore Sournac avoue que l&rsquo;aventure de l&rsquo;entreprise est très difficile. Le combat avec les centrales d&rsquo;achat et la grande distribution une lutte inégale. Elle a failli quitter le métier. Aujourd&rsquo;hui, les Amap lui permettent d&rsquo;entrevoir un avenir différent. Explications.</strong></p>
<p>« L&rsquo;hiver dernier, nous avons été à deux doigts de jeter l&rsquo;éponge, de tout laisser tomber. C&rsquo;était trop dur, trop difficile. Sans salaires depuis dix ans, depuis notre installation ». Ca a bien failli être l&rsquo;hiver de trop pour les Sournac, Aurore et Philippe. Mais voilà, il y a eu la rencontre avec Gaëlle Bertoneche, la coordinatrice AMAP Gironde et la signature des premiers contrats. En mai 2008, c&rsquo;est l&rsquo;AMAP Blanquefort (100 contrats + 40 en liste d&rsquo;attente). Puis il y a eu, l&rsquo;AMAP Bruges/Le Bouscat en septembre dernier (67 contrats) et en novembre de la même année, l&rsquo;AMAP Pompignac (35 paniers). D&rsquo;autres pourraient suivre comme Macau, par exemple. La petite entreprise va mieux. Elle dégage maintenant l&rsquo;équivalent d&rsquo;un salaire (« un SMIC, faut pas rêver! »).</p>
<p>En ce matin de novembre, il pleut des cordes sur Eysines. C&rsquo;est là, au cœur de la zone maraichère de Bordeaux, chemin de l&rsquo;Anglais, que se trouve l&rsquo;exploitation d&rsquo;Aurore. Une serre d&rsquo;occasion, achetée à Libourne et remontée sur site; 4700 m² de verre et d&rsquo;acier. Une rareté, aujourd&rsquo;hui. Pas de chauffage mais arrosage par aspersion ou goutte à goutte. Un projet; climatiser la serre, en été, par arrosage de la surface vitrée avec de l&rsquo;eau de pluie de récupération. Outre la serre, les Sournac possèdent 7000 m² de plein champ et louent 4,5ha de terre maraîchère. Deux structures de gestion; la SCEA au nom de Philippe pour la fourniture en gros à la coopérative d&rsquo;Eysines (la SICA maraîchère bordelaise) et « Le jardin de Quentin » pour la vente aux particuliers de type AMAP ou autres. Aujourd&rsquo;hui, Aurore travaille 6 jours sur 7 et s&rsquo;arrête le samedi à midi. Son époux, 7 jours sur 7; il se repose le dimanche après-midi. Evidemment, pas de vacances. L&rsquo;ambition, à terme, c&rsquo;est de pouvoir engager un salarié à temps complet. Plus tard, pourquoi pas deux? Bonne nouvelle; au printemps prochain, une partie des emprunts sera remboursée. Pour Aurore, « c&rsquo;est une nouvelle vie qui commence ».</p>
<p>Retour à l&rsquo;intérieur de la serre; il continue de pleuvoir. Ici, pas de hors-sol. Une grande partie des légumes est plantée sur paillage plastique; pas de désherbage, moins de maladie. En hiver, l&rsquo;effet de corps noir réchauffe le végétal. Compost et amendements organiques (aujourd&rsquo;hui agréés bio) améliorent le sable noir, substrat naturel de la serre. Pas de pesticides. Le choix des variétés permet de sélectionner des légumes naturellement résistants au mildiou et aux diverses maladies. De là à aller jusqu&rsquo;au bout de la démarche bio? Philippe: « aujourd&rsquo;hui, les clients de l&rsquo;Amap ont 7 produits pour 10€; sont-ils prêts à en avoir 3 pour le même prix? » Pour Aurore; « on sent bien, selon les Amap, la demande n&rsquo;est pas la même. Il faut réfléchir ensemble ».</p>
<p>Aurore et Philippe Sournac ont 35 ans tous les deux; leur fils Quentin, 3 ans. Ils se sont connus sur les bancs du lycée agricole, à Objat, en Corrèze. C&rsquo;était en 1990. Ils ont une passion commune pour les fleurs. Chaque année, ils produisent des chrysanthèmes. A l&rsquo;ancienne. En 2008, ils reconnaissent n&rsquo;avoir pas réussi la fleur des morts. Ils feront mieux, l&rsquo;an prochain.</p>
<p>Bernard Bonnin</p>
<div id='gallery-1' class='gallery galleryid-66 gallery-columns-3 gallery-size-thumbnail'><dl class='gallery-item'>
			<dt class='gallery-icon landscape'>
				<a href='http://www.amap-brugeslebouscat.fr/?attachment_id=68'><img loading="lazy" decoding="async" width="150" height="150" src="http://www.amap-brugeslebouscat.fr/wp-content/uploads/2008/11/p1040734-150x150.jpg" class="attachment-thumbnail size-thumbnail" alt="" /></a>
			</dt></dl><dl class='gallery-item'>
			<dt class='gallery-icon landscape'>
				<a href='http://www.amap-brugeslebouscat.fr/?attachment_id=69'><img loading="lazy" decoding="async" width="150" height="150" src="http://www.amap-brugeslebouscat.fr/wp-content/uploads/2008/11/p1040739-150x150.jpg" class="attachment-thumbnail size-thumbnail" alt="" /></a>
			</dt></dl><dl class='gallery-item'>
			<dt class='gallery-icon landscape'>
				<a href='http://www.amap-brugeslebouscat.fr/?attachment_id=70'><img loading="lazy" decoding="async" width="150" height="150" src="http://www.amap-brugeslebouscat.fr/wp-content/uploads/2008/11/p1040742-150x150.jpg" class="attachment-thumbnail size-thumbnail" alt="" /></a>
			</dt></dl><br style="clear: both" /><dl class='gallery-item'>
			<dt class='gallery-icon landscape'>
				<a href='http://www.amap-brugeslebouscat.fr/?attachment_id=71'><img loading="lazy" decoding="async" width="150" height="150" src="http://www.amap-brugeslebouscat.fr/wp-content/uploads/2008/11/p1040744-150x150.jpg" class="attachment-thumbnail size-thumbnail" alt="" /></a>
			</dt></dl><dl class='gallery-item'>
			<dt class='gallery-icon landscape'>
				<a href='http://www.amap-brugeslebouscat.fr/?attachment_id=72'><img loading="lazy" decoding="async" width="150" height="150" src="http://www.amap-brugeslebouscat.fr/wp-content/uploads/2008/11/p1040745-150x150.jpg" class="attachment-thumbnail size-thumbnail" alt="" /></a>
			</dt></dl><dl class='gallery-item'>
			<dt class='gallery-icon landscape'>
				<a href='http://www.amap-brugeslebouscat.fr/?attachment_id=73'><img loading="lazy" decoding="async" width="150" height="150" src="http://www.amap-brugeslebouscat.fr/wp-content/uploads/2008/11/p1040747-150x150.jpg" class="attachment-thumbnail size-thumbnail" alt="" /></a>
			</dt></dl><br style="clear: both" /><dl class='gallery-item'>
			<dt class='gallery-icon landscape'>
				<a href='http://www.amap-brugeslebouscat.fr/?attachment_id=74'><img loading="lazy" decoding="async" width="150" height="150" src="http://www.amap-brugeslebouscat.fr/wp-content/uploads/2008/11/p1040756-150x150.jpg" class="attachment-thumbnail size-thumbnail" alt="" /></a>
			</dt></dl><dl class='gallery-item'>
			<dt class='gallery-icon landscape'>
				<a href='http://www.amap-brugeslebouscat.fr/?attachment_id=75'><img loading="lazy" decoding="async" width="150" height="150" src="http://www.amap-brugeslebouscat.fr/wp-content/uploads/2008/11/p1040759-150x150.jpg" class="attachment-thumbnail size-thumbnail" alt="" /></a>
			</dt></dl><dl class='gallery-item'>
			<dt class='gallery-icon landscape'>
				<a href='http://www.amap-brugeslebouscat.fr/?attachment_id=76'><img loading="lazy" decoding="async" width="150" height="150" src="http://www.amap-brugeslebouscat.fr/wp-content/uploads/2008/11/p1040762-150x150.jpg" class="attachment-thumbnail size-thumbnail" alt="" /></a>
			</dt></dl><br style="clear: both" /><dl class='gallery-item'>
			<dt class='gallery-icon landscape'>
				<a href='http://www.amap-brugeslebouscat.fr/?attachment_id=77'><img loading="lazy" decoding="async" width="150" height="150" src="http://www.amap-brugeslebouscat.fr/wp-content/uploads/2008/11/p1040763-150x150.jpg" class="attachment-thumbnail size-thumbnail" alt="" /></a>
			</dt></dl>
			<br style='clear: both' />
		</div>

<p>Témoignage : l’exploitation d’Aurore et Philippe « AMAP m&rsquo;a sauver ». Petite fille, fille de maraîcher, Aurore Sournac avoue que l&rsquo;aventure de l&rsquo;entreprise est très difficile. Le combat avec les centrales d&rsquo;achat et la grande distribution une lutte inégale. Elle a failli quitter le métier. Aujourd&rsquo;hui, les Amap lui permettent d&rsquo;entrevoir un avenir différent. Explications. « L&rsquo;hiver dernier, nous [&hellip;]</p>
